000101110?
1000011000110011
In base 15, what is 6a - 4d0?
-465
In base 13, what is -2784 - -3a6?
-23ab
In base 15, what is 1123 + 7?
112a
In base 13, what is 4 + -3059a?
-30596
In base 6, what is 3 + 425410?
425413
In base 15, what is 4 - -51986?
5198a
In base 3, what is -12 + 22202211102?
22202211020
In base 3, what is 1120122012 - -100?
1120122112
In base 2, what is 10011111110100000100 + -101?
10011111110011111111
In base 9, what is 0 + 17822?
17822
In base 3, what is -2 - -21012111210?
21012111201
In base 8, what is -3 - 3752620?
-3752623
In base 5, what is 13 - -41232?
41300
In base 8, what is -13 - 164504?
-164517
In base 12, what is 6685 - -5?
668a
In base 15, what is 1 - 2ca52?
-2ca51
In base 7, what is -1544041 + -2?
-1544043
In base 10, what is -34945 - 5?
-34950
In base 7, what is 311 - 1004?
-363
In base 2, what is -101111001 + -111100101111?
-1000010101000
In base 5, what is -3320303 - 2?
-3320310
In base 15, what is ea17 + -7?
ea10
In base 3, what is 11020021020 - -11?
11020021101
In base 7, what is -16 + 140254?
140235
In base 2, what is -101 + 111100000001010001?
111100000001001100
In base 6, what is 0 - 44130?
-44130
In base 5, what is 303444 + 22?
304021
In base 8, what is 5 + -7373?
-7366
In base 16, what is 196 - -46?
1dc
In base 12, what is -105 - b15?
-101a
In base 15, what is 3 - -12583?
12586
In base 7, what is -232511 - -4?
-232504
In base 4, what is -21 - 203033133?
-203033220
In base 14, what is 47 - 484?
-43b
In base 12, what is -45b3 + -4?
-45b7
In base 8, what is 60 + 236?
316
In base 6, what is 10555 - -5?
11004
In base 13, what is -ab4 + -c?
-ac3
In base 3, what is 11210200012 - -100?
11210200112
In base 7, what is -363002 + -1?
-363003
In base 16, what is 7b - 2d3a?
-2cbf
In base 3, what is 1000100002202 - 12?
1000100002120
In base 12, what is -508379 + 4?
-508375
In base 13, what is -4 - -b705?
b701
In base 15, what is 904c + -3?
9049
In base 7, what is -15112 - -41?
-15041
In base 5, what is -112 + -3430134?
-3430301
In base 11, what is -2660 + -58?
-2708
In base 10, what is 1 - -59572?
59573
In base 5, what is -3134242 + 3?
-3134234
In base 6, what is 34455 + -10?
34445
In base 3, what is -220211 - -10121022?
2200111
In base 2, what is -1001000101111010111 - -101?
-1001000101111010010
In base 11, what is 89830 - 2?
89829
In base 16, what is b7e - -6?
b84
In base 2, what is 110001010011101110 - 101?
110001010011101001
In base 15, what is e - -21cd?
21dc
In base 9, what is -57 - -36?
-21
In base 11, what is -6830 - -120?
-6710
In base 10, what is -39503 - -26?
-39477
In base 15, what is 1 - e03a?
-e039
In base 4, what is 2 + -11100002?
-11100000
In base 3, what is -22 + -12201102?
-12201201
In base 16, what is -444e6f - 5?
-444e74
In base 4, what is 3 + -13320331200?
-13320331131
In base 8, what is -152 + 625?
453
In base 15, what is 6e - 226?
-1a7
In base 11, what is 5 + -264786?
-264781
In base 7, what is -2422 - -2355?
-34
In base 16, what is 0 + 77ae?
77ae
In base 16, what is -d + 2ae79?
2ae6c
In base 15, what is -4 - ed66?
-ed6a
In base 8, what is -6256 - 15?
-6273
In base 8, what is 26365 + 117?
26504
In base 9, what is 2404463 + 3?
2404466
In base 8, what is -37 - 373?
-432
In base 16, what is -1 + -16a03?
-16a04
In base 3, what is -211021222 + 0?
-211021222
In base 3, what is -12 + -1020110001112?
-1020110001201
In base 6, what is 4310 + -5?
4301
In base 6, what is 1440224 + 0?
1440224
In base 5, what is 301441 - 1?
301440
In base 9, what is 5835 + -88?
5736
In base 9, what is 43433 + 1?
43434
In base 14, what is -21a9 + 3?
-21a6
In base 3, what is -1011 + 110111222?
110110211
In base 5, what is 1442 + 133131?
140123
In base 11, what is 192 + 8?
19a
In base 2, what is -101111 - -1110011100?
1101101101
In base 4, what is 2301213 + -101?
2301112
In base 7, what is -6522513 + -4?
-6522520
In base 13, what is -2c56 - -31?
-2c25
In base 16, what is -4 - 287?
-28b
In base 7, what is -31053 - -42?
-31011
In base 15, what is -a + -153d8?
-153e3
In base 15, what is 15 - 6e5?
-6d0
In base 8, what is 1121710 + 14?
1121724
In base 16, what is -152 + a?
-148
In base 14, what is 5 + -21097d?
-210978
In base 15, what is 1 + 9b2?
9b3
In base 9, what is -600 - -157?
-432
In base 11, what is 8 - 596a5?
-59698
In base 12, what is 11 + -3572?
-3561
In base 9, what is -125 + 2245?
2120
In base 6, what is -10 + 334435?
334425
In base 16, what is -1 - -36bd?
36bc
In base 6, what is -125115 - 33?
-125152
In base 11, what is -1411 - -647?
-875
In base 6, what is -11443 - 100?
-11543
In base 4, what is 10 - 3033203013?
-3033203003
In base 11, what is 14a30 + -19?
14a12
In base 2, what is -10000111111 + -101001?
-10001101000
In base 9, what is 260 + 366?
636
In base 15, what is 9a0 - -108?
aa8
In base 4, what is 102320 + 10202?
113122
In base 12, what is -a2 - -1109?
1027
In base 8, what is -303115 - 0?
-303115
In base 9, what is 6867 + 15?
6883
In base 16, what is 3 - -ac8?
acb
In base 5, what is 101212 + -141?
101021
In base 4, what is 11 - -22001332?
22002003
In base 9, what is 21 - 670?
-648
In base 15, what is 1 + -74077?
-74076
In base 4, what is 13213 - 3?
13210
In base 15, what is 9 + -3645?
-363b
In base 6, what is 2 - 10505331?
-10505325
In base 11, what is 0 - -414351?
414351
In base 16, what is -55 - 3352?
-33a7
In base 3, what is 12010 + 110012010?
110101020
In base 13, what is 3c + 3c1?
430
In base 11, what is 1220 + -12?
1209
In base 10, what is 2 + 31562?
31564
In base 14, what is -4 + -d97b?
-d981
In base 6, what is 1212 + -1533?
-321
In base 13, what is 2 + 243?
245
In base 13, what is -6561 - -4?
-655a
In base 8, what is 1320332 + -3?
1320327
In base 11, what is 1 - -34748?
34749
In base 8, what is -1036 - 15?
-1053
In base 7, what is -46 - -1432?
1353
In base 3, what is -21221011 + 20?
-21220221
In base 6, what is -10012 - 443?
-10455
In base 9, what is 621 + 23?
644
In base 13, what is 20 + -490?
-470
In base 7, what is 32 - 161640?
-161605
In base 9, what is 133 + 413?
546
In base 13, what is -73ba5 - -1?
-73ba4
In base 12, what is -910 - b?
-91b
In base 12, what is -783b + -3a?
-7879
In base 12, what is -21 - 13a67?
-13a88
In base 4, what is -11 - -1030012001?
1030011330
In base 13, what is 0 - -19b67?
19b67
In base 15, what is 5 + 2e259?
2e25e
In base 4, what is 2 + 211320320?
211320322
In base 14, what is 22c + d1c?
114a
In base 4, what is -1 + -1120222111?
-1120222112
In base 15, what is eeb + -235?
cb6
In base 8, what is 355 + 5772?
6347
In base 3, what is 11211212120 - 102?
11211212011
In base 3, what is 2 - 202102101?
-202102022
In base 7, what is -31 - 5630?
-5661
In base 2, what is 10000010000101110 + 11000?
10000010001000110
In base 11, what is -13 - -6573?
6560
In base 11, what is 1308 - 128?
1190
In base 11, what is 248a - -4?
2493
In base 13, what is -35 - -5a57?
5a22
In base 4, what is 12 - 221002201?
-221002123
In base 14, what is -38 + 46b?
433
In base 16, what is -e0 - 335?
-415
In base 10, what is 68341 + -6?
68335
In base 3, what is -210 - -2201?
1221
In base 7, what is -446 + 16143?
15364
In base 4, what is 110333 - -102?
111101
In base 9, what is -175036 - 53?
-175100
In base 16, what is 5 - 1f8f?
-1f8a
In base 2, what is 10101 - 10111110111?
-10111100010
In base 7, what is 122433 - -316?
123052
In base 3, what is -220120 - -101?
-220012
In base 2, what is -11011 - -1000111?
101100
In base 2, what is -1 - 100011011001100100?
-100011011001100101
In base 7, what is 1653 - 6200?
-4214
In base 3, what is 11 + -220100?
-220012
In base 6, what is 13332 + -1000?
12332
In base 13, what is 44aa1 - -5?
44aa6
In base 10, what is -11 - -181?
170
In base 10, what is -3568 - -60?
-3508
In base 11, what is 28 - 7028?
-7000
In base 11, what is -a + -2291a?
-22929
In base 3, what is -1112020210 + 112?
-1112020021
In base 5, what is -114402 + -33?
-114440
In base 4, what is -11 + -102232223?
-102232300
In base 7, what is 646615 - -3?
646621
In base 5, what is -122024240 - 2?
-122024242
In base 7, what is -5 + -2005046?
-2005054
In base 7, what is 2115506 - 3?
2115503
In base 14, what is -4dc0 + 6?
-4db8
In base 15, what is -15 + 380?
36a
In base 6, what is 242540042 + -4?
242540034
In base 7, what is -1653352 + 4?
-1653345
In base 15, what is -12 - -c?
-5
In base 7, what is 1510613 + 5?
1510621
In b